{"id":65,"date":"2009-07-20T10:23:01","date_gmt":"2009-07-20T08:23:01","guid":{"rendered":"http:\/\/www.damianzimmermann.de\/blog\/?page_id=65"},"modified":"2024-09-13T16:47:16","modified_gmt":"2024-09-13T14:47:16","slug":"uber-mich","status":"publish","type":"page","link":"https:\/\/www.damianzimmermann.de\/blog\/uber-mich\/","title":{"rendered":"\u00dcber mich"},"content":{"rendered":"<p><img loading=\"lazy\" decoding=\"async\" class=\"wp-image-19566 alignright\" src=\"https:\/\/www.damianzimmermann.de\/blog\/wp-content\/uploads\/CO-Berlin-Februar-2018-e1553175804425-309x400.jpg\" alt=\"\" width=\"249\" height=\"323\" srcset=\"https:\/\/www.damianzimmermann.de\/blog\/wp-content\/uploads\/CO-Berlin-Februar-2018-e1553175804425-309x400.jpg 309w, https:\/\/www.damianzimmermann.de\/blog\/wp-content\/uploads\/CO-Berlin-Februar-2018-e1553175804425-116x150.jpg 116w, https:\/\/www.damianzimmermann.de\/blog\/wp-content\/uploads\/CO-Berlin-Februar-2018-e1553175804425-768x994.jpg 768w, https:\/\/www.damianzimmermann.de\/blog\/wp-content\/uploads\/CO-Berlin-Februar-2018-e1553175804425-791x1024.jpg 791w, https:\/\/www.damianzimmermann.de\/blog\/wp-content\/uploads\/CO-Berlin-Februar-2018-e1553175804425-210x272.jpg 210w, https:\/\/www.damianzimmermann.de\/blog\/wp-content\/uploads\/CO-Berlin-Februar-2018-e1553175804425.jpg 934w\" sizes=\"auto, (max-width: 249px) 100vw, 249px\" \/>Damian Zimmermann (* 1976) lebt und arbeitet als freier Journalist, Kunstkritiker, Fotograf, Kurator und Festivalmacher in K\u00f6ln.<\/p>\n<p>2009 Start seines Blogs mit Kunstkritiken, Interviews, Fotobuchbesprechungen und Umfragen.<\/p>\n<p>2010-2010 Gemeinsam mit Nadine Prei\u00df hat er das Projekt <em>Paare \u2013 Menschenbilder aus der Bundesrepublik Deutschland zu Beginn des 21. Jahrhunderts<\/em> umgesetzt, das u.a. 2015 im LVR LandesMuseum Bonn ausgestellt und <a href=\"https:\/\/www.artbooksonline.eu\/art-61176\" target=\"_blank\" rel=\"noopener\">im Verlag Kettler als Buch ver\u00f6ffentlicht wurde<\/a>.<\/p>\n<p>Seit 2013 berufenes Mitglied der Deutschen Gesellschaft f\u00fcr Photographie (<a href=\"http:\/\/www.dgph.de\/\" target=\"_blank\" rel=\"noopener noreferrer\">DGPh<\/a>).<\/p>\n<p>Seit 2014 Gesellschafter der <a href=\"http:\/\/www.photoszene.de\/\" target=\"_blank\" rel=\"noopener noreferrer\">Internationalen Photoszene K\u00f6ln<\/a>.<\/p>\n<p>2014 Initiator und Gr\u00fcnder des <a href=\"https:\/\/www.youtube.com\/playlist?list=PLmxJHCLYo36EGEii9hzuUzS-enYNWhyAK\" target=\"_blank\" rel=\"noopener\">Fotobuch-Quartetts<\/a> zusammen mit Frank D\u00fcrrach, Oliver Rausch, Markus Schaden und Wolfgang Zurborn.<\/p>\n<p>Seit 2024 Verantwortlicher Redakteur des <a href=\"https:\/\/www.fotomagazin.de\/\" target=\"_blank\" rel=\"noopener\">fotoMAGAZIN<\/a>.<\/p>\n<p>&nbsp;<\/p>\n<p><span style=\"color: #993300;\"><strong>Ver\u00f6ffentlichungen<\/strong><\/span><\/p>\n<p>fotoMAGAZIN (Chefredaktion seit 2024), L. Fritz (Chefredaktion), Monopol, Kunstforum International, Artnet, Photonews, Photographie, Photo International, Camera Austria, European Photography, Der Standard, Die Tageszeitung (taz), K\u00f6lner Stadt-Anzeiger, Kunstzeitung, StadtRevue, Prinz, Weltkunst, Der Freitag,\u00a0 frame #4 (Jahrbuch der DGPh), \u201cSchule. K\u00fcnstler. Kunstp\u00e4dagogen.\u201d, K\u00f6lnische Rundschau, Alexianer-Magazin und andere.<\/p>\n<p>&nbsp;<\/p>\n<p><span style=\"color: #993300;\"><strong>Ausstellungen<\/strong><\/span><\/p>\n<p>Kunstr\u00e4ume der Michael Horbach Stiftung (K\u00f6ln), K\u00e4the Kollwitz Museum K\u00f6ln, Atelierhaus Salzamt (Artist in Residence, Linz, \u00d6sterreich), Litvai Galerie f\u00fcr Fotografie (Landshut), LVR LandesMuseum Bonn, Wilhelm-Hack-Museum (Ludwigshafen), Munich Contempo 2011 (M\u00fcnchen), studioholterhoff (K\u00f6ln), Kulturbunker M\u00fclheim (K\u00f6ln), Fotopension (K\u00f6ln), Deutsche Post Com (Bonn), Fotoschule-Koeln, Galerie Bauer-Nieschalke (K\u00f6ln), Kunstbar at Jase (D\u00fcsseldorf), Galerie Augentrost (D\u00fcsseldorf)<\/p>\n<p>&nbsp;<\/p>\n<p><span style=\"color: #993300;\"><strong>Kuratorent\u00e4tigkeiten<\/strong><\/span><\/p>\n<p>Ausstellung <a href=\"https:\/\/festival2019.photoszene.de\/Festival\/you-are-here-versuche-einer-fotografischen-standortbestimmung-teil-1\/429.html\" target=\"_blank\" rel=\"noopener noreferrer\">You are here &#8211; Versuche einer fotografischen Standortbestimmung, Teil 1<\/a> im K\u00f6lnischen Stadtmuseum (2019)<\/p>\n<p>Ausstellung <a href=\"http:\/\/blog.salzamt-linz.at\/2018\/11\/22\/exhibition-this-could-be-anywhere\/\" target=\"_blank\" rel=\"noopener noreferrer\">This could be anywhere<\/a> im Atelierhaus Salzamt, Linz, \u00d6sterreich (2018)<\/p>\n<p>Ausstellung <a href=\"https:\/\/www.nrw-forum.de\/ausstellungen\/leben-24-7\" target=\"_blank\" rel=\"noopener noreferrer\">leben 24\/7 &#8211; 100 Jahre Nikon<\/a> im NRW-Forum D\u00fcsseldorf und Nikon Z\u00fcrich + Katalogproduktion (2017)<\/p>\n<p>&nbsp;<\/p>\n<p><strong><span style=\"color: #993300;\">Jury-Beteiligungen<\/span><\/strong><\/p>\n<p>Jurierung Jahresausstellung Leichlingen (2022\/23), <a href=\"https:\/\/www.stadt-koeln.de\/artikel\/68104\/index.html\" target=\"_blank\" rel=\"noopener\">Kunst an K\u00f6lner Litfa\u00dfs\u00e4ulen<\/a> (seit 2019), Stipendium <a href=\"http:\/\/cna.public.lu\/fr\/photographie\/aides-creation\/BourseCNA\/index.html\" target=\"_blank\" rel=\"noopener noreferrer\">Bourse CNA \u2013 Aide \u00e0 la cr\u00e9ation et \u00e0 la diffusion en photographie<\/a> (2019), Fotowettbewerb <a href=\"https:\/\/www.mynikon.ch\/de\/iam100\/jury\" target=\"_blank\" rel=\"noopener noreferrer\">I am 100<\/a> von Nikon (2017); Chargesheimer-Stipendium f\u00fcr Fotografie und Medienkunst der Stadt K\u00f6ln (2016 und <a href=\"http:\/\/www.stadt-koeln.de\/leben-in-koeln\/kultur\/kulturfoerderung\/chargesheimer-stipendium-2017\" target=\"_blank\" rel=\"noopener noreferrer\">2017<\/a>); <a href=\"https:\/\/www.portal.uni-koeln.de\/photowettbewerb.html\" target=\"_blank\" rel=\"noopener noreferrer\">L. Fritz Gruber-Preis<\/a> f\u00fcr Fotografie der Universit\u00e4t zu K\u00f6ln (2016\/2017); <a href=\"http:\/\/koelner-fotomarathon.de\/?page_id=767&amp;lang=de\" target=\"_blank\" rel=\"noopener noreferrer\">3. K\u00f6lner Foto-Marathon<\/a> (2016); <a href=\"http:\/\/www.photoszene.de\/de\/projekte\/Chargesheimer-Reloaded2.html\" target=\"_blank\" rel=\"noopener noreferrer\">Chargesheimer Reloaded<\/a> Fotowettbewerb im Rahmen des Photoszene-Festivals 2014; <a href=\"http:\/\/schau-festival.de\/\" target=\"_blank\" rel=\"noopener noreferrer\">SCHAU<\/a> Fotofestival Dortmund (2014)<\/p>\n<p>&nbsp;<\/p>\n<p><span style=\"color: #993300;\"><strong>Er\u00f6ffnungsreden und K\u00fcnstlergespr\u00e4che<\/strong><\/span><\/p>\n<p>Entstehung und die Wirkung des Bildes \u201eEarthrise\u201c im Rahmen der <a href=\"https:\/\/kunstfreunde.koeln\/kunstbewusst\/\" target=\"_blank\" rel=\"noopener\">KunstBewusst<\/a>-Reihe (2022, Museum Ludwig), K\u00fcnstlergespr\u00e4ch mit Volker D\u00f6hne und Catrin Lorch (2019, <a href=\"https:\/\/shop.greven-verlag.de\/bunt.html\" target=\"_blank\" rel=\"noopener noreferrer\">Greven Verlag<\/a>), Gespr\u00e4chsrunde mit Ute Mahler und Matthias Harder \u00fcber neue Tendenzen und Entwicklungen in der zeitgen\u00f6ssischen Fotografie anl\u00e4sslich der Shortlist des Vonovia Award f\u00fcr Fotografie (2018, <a href=\"https:\/\/www.berlin.de\/museum\/3109973-2926344-museum-fuer-fotografie-helmut-newton-sti.html\">Museum f\u00fcr Fotografie, Helmut Newton Stiftung<\/a>, Berlin), Gespr\u00e4ch mit der Bauhaus-Expertin Jeannine Fiedler \u00fcber die Fotografin Eva Besny\u00f6 (2018, <a href=\"http:\/\/www.kollwitz.de\/EVA_BESNYoe_PHOTOGRAPHIN.aspx\">K\u00e4the Kollwitz Museum<\/a>, K\u00f6ln), K\u00fcnstlergespr\u00e4ch mit Volker Hinz (2017, <a href=\"https:\/\/www.nrw-forum.de\/ausstellungen\/leben-24-7\" target=\"_blank\" rel=\"noopener noreferrer\">NRW-Forum<\/a>); Birte Kaufmann: <a href=\"http:\/\/www.fotoraum-koeln.de\/?cat=41\" target=\"_blank\" rel=\"noopener noreferrer\">Gjakmarrje &#8211; In the blood<\/a> (2017, Fotoraum K\u00f6ln), Matthias Jung: <a href=\"http:\/\/www.sebastianlinnerz.de\/\" target=\"_blank\" rel=\"noopener noreferrer\">Revier <\/a>(2017, Plus Raum f\u00fcr Bilder K\u00f6ln); Miriam Gossing &amp; Lina Sieckmann (2016, <a href=\"http:\/\/www.museenkoeln.de\/artothek\/seite.aspx?s=799\" target=\"_blank\" rel=\"noopener noreferrer\">Artothek K\u00f6ln<\/a>); Claus Stolz: <a href=\"http:\/\/www.fotoraum-koeln.de\/?p=10762\" target=\"_blank\" rel=\"noopener noreferrer\">Solit\u00e4r<\/a> (2016, Fotoraum K\u00f6ln); Moderation <a href=\"https:\/\/www.facebook.com\/events\/1147307435314093\/\" target=\"_blank\" rel=\"noopener noreferrer\">Vom Selfie-Kult bis zum Sammlerobjekt: \u00dcber die Perspektiven aktueller Lichtbildkunst<\/a> mit Tobia Bezzola, Direktor Museum Folkwang, und Alain Bieber, Direktor NRW-Forum D\u00fcsseldorf (2016, Art Cologne Talk); Roger Ballen: <a href=\"http:\/\/www.galerie-karsten-greve.com\/de\/exhibition\/Roger-Ballen\/Asylum-Birds-30-Mai-29-August-2015\/de\" target=\"_blank\" rel=\"noopener noreferrer\">Asylum of the Birds<\/a> (2015, Galerie Karsten Greve K\u00f6ln); <a href=\"http:\/\/www.folkwang-uni.de\/de\/home\/gestaltung\/studiengaenge\/fotografie\/aktuell\/vollanzeige\/?pressedetails=2995&amp;linkzurueck=1575&amp;pos=10&amp;jahre=&amp;monate=&amp;suchbegriff=&amp;cHash=37067434a6574e7d4ee10d42c10573fe\" target=\"_blank\" rel=\"noopener noreferrer\">MASTERS 2015<\/a> \u2013 Photography Studies and Practice (2015, Scheidt\u2019sche Hallen Essen), Allan Gretzki: <a href=\"http:\/\/www.allangretzki.de\/\" target=\"_blank\" rel=\"noopener noreferrer\">Am G\u00fcterbahnhof<\/a> (2015, NRW-Forum D\u00fcsseldorf)<\/p>\n<p>&nbsp;<\/p>\n<p><span style=\"color: #993300;\"><strong>Lehr- und <span style=\"color: #993300;\">Pr\u00fcfungsbeteiligungen<\/span><\/strong><\/span><\/p>\n<p>Im Rahmen des NRW-Landesprogramms &#8222;Kultur &amp; Schule&#8220; Umsetzung von fotografischen Projekten mit Kunstleistungskursen an der Europaschule Kerpen und am Gymnasium Kreuzgasse K\u00f6ln (2010 und 2012); Co-Pr\u00fcfer an der <a href=\"https:\/\/www.fotoakademie-koeln.de\/\" target=\"_blank\" rel=\"noopener noreferrer\"> Fotoakademie-Koeln<\/a> (seit 2013)<\/p>\n","protected":false},"excerpt":{"rendered":"<p>Damian Zimmermann (* 1976) lebt und arbeitet als freier Journalist, Kunstkritiker, Fotograf, Kurator und Festivalmacher in K\u00f6ln. 2009 Start seines Blogs mit Kunstkritiken, Interviews, Fotobuchbesprechungen und Umfragen. 2010-2010&#8230;<\/p>\n","protected":false},"author":1,"featured_media":0,"parent":0,"menu_order":0,"comment_status":"closed","ping_status":"closed","template":"","meta":{"footnotes":""},"class_list":["post-65","page","type-page","status-publish","hentry"],"_links":{"self":[{"href":"https:\/\/www.damianzimmermann.de\/blog\/wp-json\/wp\/v2\/pages\/65","targetHints":{"allow":["GET"]}}],"collection":[{"href":"https:\/\/www.damianzimmermann.de\/blog\/wp-json\/wp\/v2\/pages"}],"about":[{"href":"https:\/\/www.damianzimmermann.de\/blog\/wp-json\/wp\/v2\/types\/page"}],"author":[{"embeddable":true,"href":"https:\/\/www.damianzimmermann.de\/blog\/wp-json\/wp\/v2\/users\/1"}],"replies":[{"embeddable":true,"href":"https:\/\/www.damianzimmermann.de\/blog\/wp-json\/wp\/v2\/comments?post=65"}],"version-history":[{"count":146,"href":"https:\/\/www.damianzimmermann.de\/blog\/wp-json\/wp\/v2\/pages\/65\/revisions"}],"predecessor-version":[{"id":25109,"href":"https:\/\/www.damianzimmermann.de\/blog\/wp-json\/wp\/v2\/pages\/65\/revisions\/25109"}],"wp:attachment":[{"href":"https:\/\/www.damianzimmermann.de\/blog\/wp-json\/wp\/v2\/media?parent=65"}],"curies":[{"name":"wp","href":"https:\/\/api.w.org\/{rel}","templated":true}]}}